= 0, 3*l + 2*l - 4*r - 1895 = 0. What is the hundreds digit of l?
3
Let s = 2 - 20. Let k = s - -22. What is the units digit of k?
4
Let b(f) = -5*f**2 + 1. Let r be b(1). Suppose 4*h + 0 = 156. Let t = h - r. What is the tens digit of t?
4
Suppose 0 = -11*l + 14381 - 1874. What is the tens digit of l?
3
Suppose -21 = -4*q - 5*k - 2, 0 = -5*q - 3*k + 27. Let i = q - -29. Suppose 0 = -3*g + i + 70. What is the tens digit of g?
3
Let k = 8 + -3. Suppose 3*s = -2 + 11, -2*r + 21 = k*s. Suppose r*n - 106 = -1. What is the units digit of n?
5
Suppose -10 = 2*s + 2*w, -4*w + 8 = 3*s + 20. Let v = s + 158. What is the tens digit of v?
5
Let o(t) = 6 - 13 + 4*t + 6. Let n be o(1). Suppose -4*q + 18 = -n*q. What is the tens digit of q?
1
Let z = -300 + 585. What is the units digit of z?
5
Suppose 5*w - u = 3*u - 338, -3*w - 3*u = 219. Let n be (-6)/(-14) - (-1780)/w. Let i = n - -43. What is the units digit of i?
8
Suppose -3*l + 6*l - 1035 = 0. What is the units digit of l?
5
Let u = 109 - 105. Suppose 0*n + u*x = n - 120, 2*x - 4 = 0. What is the units digit of n?
8
Let l(a) = -70*a - 315. What is the units digit of l(-21)?
5
Let l = 37 - 37. Suppose 6 = h + 4*b - 46, l = 4*h - 5*b - 124. What is the tens digit of h?
3
Let i = 33 - 24. Suppose -i*k = -4*k - 25. Suppose k*c - 5*x = -1 + 231, 3*c - 103 = -4*x. What is the units digit of c?
1
Let s(x) = x**3 - 11*x**2 + 14*x - 3. Let t be s(14). Suppose -4*p = -t + 297. Let y = p + -79. What is the tens digit of y?
4
Let x(g) = 2*g - 2. Let w be x(2). Suppose -w*h - 16 = 2*h. What is the tens digit of (3 - (-50)/h)*-2?
1
Let n be (-12)/28 + (-318)/(-7). Suppose 6*p = p + 20. Suppose -s + n = p*s. What is the units digit of s?
9
Let k be 34/6 - 1/(-3). Suppose -4*g - k = 18. What is the units digit of (3 + g)/(6/(-8))?
4
Suppose 0 = 9*q - 8*q + 6. Let f = 33 + q. What is the units digit of f?
7
Let h(o) = -4*o + 4. Let j be h(4). Let t = -7 - j. Suppose -20 = -4*k + 4*v, -2*v = -3*k + 25 - t. What is the tens digit of k?
1
Let z be -7*(3 - (-66)/(-21)). Let w(d) = 91*d + 3. What is the units digit of w(z)?
4
Let p be 4 + ((-6)/(0 - -3) - 0). Let v(y) = 48*y - 6. What is the units digit of v(p)?
0
Suppose -4*v + 207 = -v. What is the tens digit of v?
6
Let b(f) = -f**3 + 23*f**2 - 11*f + 173. What is the thousands digit of b(12)?
1
Let f(u) = 21*u - 69. What is the tens digit of f(4)?
1
Suppose 0 = -3*i - 4*z + 1595, i + 21*z - 18*z = 535. What is the tens digit of i?
2
Let u(q) = 8*q**2 - 2*q + 1. Suppose -z + 8 = 3*l - 3*z, 3*l = -2*z + 16. Suppose l*o + 5 = -3. What is the tens digit of u(o)?
3
Suppose 0 = 5*n + 264 + 111. Let v = -54 - n. What is the tens digit of v?
2
Suppose -3*y = 5*y - 56. Suppose 56 = 9*m - y*m. What is the tens digit of m?
2
Let q be (-1)/((-1)/(-2)) + 6. Suppose q*o + 3*b = 2*b, 0 = -2*o + 4*b + 18. What is the tens digit of -32*(o - -3)/(-8)?
1
Suppose 4*r = 3*k + 3*r, 0 = 2*k + 2*r - 8. What is the units digit of (k*-85)/(5/(-5))?
5
Suppose 18 - 70 = 13*t. What is the tens digit of 129 + 2 + t*(-5)/20?
3
Let q(t) be the second derivative of -t**5/20 - 4*t**4/3 - 11*t**3/2 - 7*t**2 + 11*t. What is the tens digit of q(-15)?
5
Suppose -20*t + 2232 = -11*t. What is the hundreds digit of t?
2
Suppose 2*r - r = -157. Let m = -126 - r. What is the tens digit of m?
3
Let v(k) = -k**2 + 5*k + 15. Let r be v(6). Let p(t) = t**2 + 11*t - 13. Let z be p(r). Let j = -119 + z. What is the tens digit of j?
4
Suppose 0 = -f - 2 + 4. Let p be (2 - f)*1/(-2). Let v = p + 26. What is the tens digit of v?
2
Let o(h) = -8 + 2 - 13*h + 2. What is the units digit of o(-5)?
1
What is the units digit of 6982/10 + 54/30 + -2?
8
Let n(z) = 5*z**2 - z + 10. Let q(r) = 15*r**2 - 2*r + 29. Let p(u) = -17*n(u) + 6*q(u). Let d be (3 - 48/18)*-9. What is the tens digit of p(d)?
3
Suppose g + 3*g + 2 = -5*a, -5 = -4*a - g. Let n(p) be the third derivative of p**6/40 - p**5/15 + p**4/8 - p**3/3 + 2*p**2. What is the tens digit of n(a)?
1
Suppose -4*j = 3*l - 19, 7*j - 2*j + 4*l = 24. Suppose 4*u + 3*a - 4*a = 176, j*u - 5*a = 176. What is the units digit of u?
4
Let j(m) = 1031*m**2 + 9*m + 10. What is the thousands digit of j(-1)?
1
Let c(y) = y - 1. Let f(a) = -9*a - 8. Let x(n) = -c(n) - f(n). Let s be x(5). Let t = s + -35. What is the units digit of t?
4
What is the tens digit of (9/(-21 + 3))/(1/(-2042))?
2
Suppose 2*a + j - 15 = -6, a + 3*j - 2 = 0. Suppose 5*x = a*b - 230, -3*b - 20 = 2*b. Let r = x - -87. What is the tens digit of r?
3
Let i(o) = -o**2 + o + 4. Let l be i(-3). Let x = l + 7. What is the units digit of 4 - (-48 + (-4)/x)?
8
Let x(h) = h**3 - h**2 - 2*h + 1180. What is the hundreds digit of x(0)?
1
Suppose 2*x = 6*x + 5*o - 95, -2*o = -x + 14. Let p = -12 + x. What is the units digit of p?
8
Suppose u = 2 + 6. Let x(b) = 12*b - 5. Let t(h) = 8*h - 3. Let q(c) = 8*t(c) - 5*x(c). What is the tens digit of q(u)?
3
Let c be ((-6)/2 + 0)/(-1). Suppose -3*h = -3*g - 60, h - c*g = 3*h - 15. Suppose p = 5*v - 2*p - 111, -h = -v - 3*p. What is the tens digit of v?
2
Let t(z) = 101*z - 20*z + 18*z + 3 - 4. What is the tens digit of t(1)?
9
Suppose 2*p = 4*t - 8, 0*t - 3*t - p = -11. Suppose -t*w = 0, -w + 15 = z - 85. What is the tens digit of z?
0
Let b(f) = -f**3 + 12*f**2 + 14*f - 3. Let o be b(13). Suppose -g - o = -3*g. Suppose -2*s - s - 4*q + 80 = 0, 2*s - 38 = g*q. What is the units digit of s?
4
Let u(l) = 21*l**2 - l - 2. Let s = 23 - 13. Suppose -2*j = 4*d + s, 2*j - 7*d + 4*d = 4. What is the units digit of u(j)?
0
Let i(g) be the first derivative of g**4/4 - 4*g**3 + 5*g**2 + 17*g + 8. What is the units digit of i(11)?
6
Let f(w) = 335*w + 170. What is the tens digit of f(3)?
7
Let p(r) = -r**3 - r - 58. Let h be p(0). Let x = 85 + h. What is the units digit of (-6)/x + 74/9?
8
Suppose 12*f + x = 11*f + 2876, 5*f - 4*x - 14416 = 0. What is the thousands digit of f?
2
Let v(c) = 38*c**2 - 18*c - 64. What is the hundreds digit of v(-5)?
9
Let z(l) be the third derivative of 7/6*l**3 + 1/24*l**4 + 0 + 0*l - 4*l**2. What is the units digit of z(-5)?
2
Let s(w) be the first derivative of w**2/2 - w + 6. Let h = -4 - -10. What is the units digit of s(h)?
5
Let o(d) = -3*d - 22. Let h be (18/4)/(2/(-4)). Let y be o(h). Suppose -4*u + 101 + 108 = -y*l, 3*u - 177 = -3*l. What is the units digit of u?
6
Suppose 4561 = 3*h - 4*a, 3*a + 3038 = 2*h - a. What is the units digit of h?
3
Let n = -66 - -116. Let i = 232 + -248. Let v = n + i. What is the tens digit of v?
3
Suppose -9*y - y + 2390 = 0. What is the hundreds digit of y?
2
Suppose 17*b = 16*b + m + 1471, -5*m - 4407 = -3*b. What is the hundreds digit of b?
4
Let g = 8 - 5. Let k be (g - 1) + 130/(-5). Let f = -8 - k. What is the units digit of f?
6
Suppose 0 = 3*k + 4*k - 1358. What is the units digit of k?
4
Suppose 0 = 4*j - 6*j + 14. Suppose -j*m = -3*m - 152. Suppose -3*k + 3*i = -69, -2*k = -i + 3*i - m. What is the tens digit of k?
2
Suppose -530 = 5*c - 5*v, -v = 3*c - 5*v + 314. Let p = -41 - c. Suppose -4*h - p + 269 = 0. What is the units digit of h?
0
Suppose -3*m + c - 3*c - 104 = 0, -5*c = 3*m + 98. Let i = 129 + m. What is the tens digit of i?
9
Let s(v) = 2*v**3 + 8*v**2 - 32*v + 3. What is the tens digit of s(6)?
3
Let k(b) = b**2 + 4*b - 12. Let q be k(-8). Let w(o) = -2*o - 8 - o - o + q. What is the tens digit of w(-6)?
3
Let u = -184 + 64. Let q = 202 + u. What is the units digit of q?
2
Suppose 142*p - 138*p - 4032 = 0. What is the hundreds digit of p?
0
Suppose -3*q - 375 = -3*y - 0*q, 2*y + 2*q = 230. Suppose -y = -5*v + v. Let x = v - 20. What is the units digit of x?
0
Suppose 0*h + 2*u - 8 = 2*h, -4*h = 3*u - 19. Let k(d) = 61*d**3 - d**2 + d - 1. What is the units digit of k(h)?
0
Let u = 114 - 32. Suppose 5*s = 993 + u. What is the units digit of s?
5
Let z = 206 - -254. Suppose 2*o = 4*o + 2*f - 188, 5*o - z = 5*f. What is the tens digit of o?
9
Let u(d) = -d - 2. Let x be u(-6). Suppose 5*z + 21 = x*w, -5*w + 17 + 1 = 2*z. What is the units digit of w?
4
Let w(f) = -26 + 4*f - 8*f - 7*f. What is the units digit of w(-6)?
0
Suppose -1608 = -4*y - 2*p, -11*y + 6*y + 4*p = -2010. What is the units digit of y?
2
Suppose -9*t = -11*t + 134. Let j = t + -5. What is the tens digit of j?
6
Suppose 871 = -2*x + 